 - 16. Let s be f(8). Let j = 21 - s. Suppose 3 = -4*o + j*o, 5*r - o = 167. Is r composite?
True
Let k(f) = 14348*f**2 + 18*f - 42. Let u be k(3). Is (-1)/2*u/(-12) a composite number?
False
Suppose o - 5*j - 5 = 4*o, 8 = -2*j. Let z(c) = 7*c**2 + 5*c + 3. Let a(h) = -14*h**2 - 11*h - 7. Let p(y) = 2*a(y) + 5*z(y). Is p(o) prime?
True
Let m be 1 - ((-2 - -4) + -2). Is (-62722)/(-154) + (m - (-9)/(-7)) a composite number?
True
Suppose 0*q + 5*g + 281 = 4*q, 5*g = -5. Suppose -7*f = -8*f + q. Let x = f + -43. Is x a composite number?
True
Let u(a) = -1570*a - 2. Let h be 2/24*14 - 1/6. Let z be u(h). Let q = -215 - z. Is q a composite number?
True
Suppose 4*g = 3*n + 9, 3*g - n - 3 = g. Suppose -2*x + 4 = -g*x. Suppose -14 = -5*c + 1, x*p - 580 = 2*c. Is p a composite number?
False
Let l be (52/(-10) - 7/(-35))*-1. Suppose -4*d + 2637 = l*d. Is d composite?
False
Let y = -207647 - -497140. Is y composite?
True
Suppose -99*t + 77*t = -3315202. Is t a prime number?
False
Let j(b) = 1244*b + 21. Let o be j(2). Let f = -578 + o. Is f a composite number?
False
Let t(l) = 16415*l**2 - 2*l. Let v be t(1). Suppose 3*w + v = 4*w. Is w a prime number?
False
Let f be (-1683656)/(-117) - (-2)/(-9) - -1. Suppose f = 6*h - 5715. Is h a composite number?
True
Let f be ((-13)/18 + 2/9)*-8. Suppose m - 4*l + 931 = 2*m, f*m - l - 3809 = 0. Suppose 493 = v - 4*n, 0 = -2*v - 0*n + n + m. Is v a composite number?
True
Suppose 169*p + 80*p - 56068136 = 17*p. Is p a prime number?
False
Let c = 52263 + 1277584. Is c a composite number?
False
Let v(g) = -84*g**3 - 19*g**2 - 42*g - 160. Is v(-11) a prime number?
True
Let m(i) = -253*i**3 + 3*i**2 + 4*i + 7. Is m(-5) prime?
True
Let k = -273108 + 398927. Is k a prime number?
False
Let w be ((-1)/(-3))/((-2)/(-12)). Suppose -4*h - 4*b = -3*h + 14, -3*b - 2 = 5*h. Is 197 + (0/h - (-4 + w)) prime?
True
Suppose 38*b - 41358700 - 27854470 = -92*b. Is b prime?
False
Let g(y) = -5*y**3 + 59*y**2 + 154*y + 57. Let t(n) = -4*n**3 + 40*n**2 + 103*n + 38. Let i(v) = -5*g(v) + 7*t(v). Is i(-14) a composite number?
True
Let t = 58641 - 19519. Is 110/(-88) + t/8 prime?
True
Let g be 44/88 + (-1 - (-13719)/2). Let m = g - 356. Is m composite?
True
Suppose 6*v = -419 - 307. Let c = v - -126. Suppose 9*a - 8620 = c*a. Is a prime?
False
Suppose 0 = -245*u + 34623239 - 12658254. Is u a composite number?
False
Let z be -1 - (1 + -4) - -1. Suppose -z = 5*c - 8. Let s(d) = 542*d - 1. Is s(c) a prime number?
True
Let b be (-4970)/21 + (-7)/((-21)/2). Let y = b + 2647. Suppose -3*s + 2371 = 3*t + s, 0 = -3*t + 4*s + y. Is t prime?
True
Is 475868 + 13 + -6 - -10 composite?
True
Let k(m) = 2885*m + 533. Is k(30) prime?
True
Suppose 0 = -f - 5*l + 642492, 86*f = 90*f + 4*l - 2569952. Is f a composite number?
False
Let z = 274 + -262. Suppose 11*b - j = z*b - 22773, 0 = -5*j + 20. Is b a prime number?
True
Suppose -4*v = 3*t - 16610 - 15198, -5*v - 3*t + 39757 = 0. Let n = v - 2778. Is n prime?
True
Let y be (-5)/((-70)/4) - 88/14. Let u be 621/46*1/(y/5048). Is (3/(-9))/(-2*(-3)/u) prime?
True
Let u = 542098 - 381083. Is u prime?
False
Let f(m) = -27 + 10 - 101*m + 27*m + 132. Is f(-14) a prime number?
True
Suppose -12*y + 2200 = -7*y. Let v be y/6 - (-4)/(-3). Suppose -58 = -5*a + v. Is a composite?
True
Suppose 0 = -3*o - 4*l + 359917, -l - 3 = -4*l. Is o a prime number?
True
Let u be -1 + (5 - 5/1). Is 6/12 + u*(-7911)/6 a prime number?
True
Suppose 4 = 7*o - 10. Let q(a) = 8*a - o*a - 29 + 8*a - a. Is q(18) a prime number?
False
Suppose 154*x - 3538640 - 2707754 = 0. Is x a prime number?
False
Let i(j) = -743*j - 79. Let k be i(-8). Suppose -5*z = 5*n - k, -2*n - 3*z + 559 + 1789 = 0. Is n a composite number?
False
Let u(k) = -k**3 + k**2 + k + 5065. Let p(y) = 8*y**2 + 7*y + 13. Let t be p(-3). Let n be 1*4 - t/16. Is u(n) a composite number?
True
Let d(z) = 5*z + 5 + 2*z - 6*z - 15. Let w be d(12). Suppose 0 = -5*y - 4*t + 6143, -2462 = -w*y - 0*y - 4*t. Is y prime?
False
Let q(m) = -8*m + 4. Let s be q(-8). Let i = s + -66. Suppose 471 = 3*n - i*a, 314 = -2*n + 4*n + 4*a. Is n a composite number?
False
Suppose -8*o + 66*o = 3999854. Is o a prime number?
True
Let y be 63/(-36)*(0 - 44). Let o = -83 + y. Let w(j) = -100*j + 31. Is w(o) prime?
True
Let x(g) be the first derivative of 2*g**2 + 174*g - 229. Is x(20) composite?
True
Is 22869545/(-58)*(-8)/20 a composite number?
False
Let j(i) = 70*i - 71*i + 1 - 2. Let v(o) = -831*o**2 + 8*o + 2. Let a(p) = -4*j(p) - v(p). Is a(1) a composite number?
False
Is (-86710336)/(-384) - 15/(-18) a prime number?
True
Suppose 78*t - 8805621 + 942363 = 0. Is t composite?
False
Suppose 2*y - 5*y - 4*m - 26 = 0, -5*m - 4 = -y. Let x be y*8/36*-567. Suppose -2*h + 2890 = -x. Is h prime?
True
Is (-403 + 402)/((-1)/377827*1) a composite number?
False
Is (0 - (2 - (-8)/(-3)))/(768/13905792) prime?
True
Let b(q) = -57610*q + 669. Is b(-1) prime?
False
Suppose -49*q + 1182656 = 15*q. Is q prime?
False
Let j(b) = -1027*b**3 + b**2 + 2*b - 2. Let f be j(1). Let q = f + 3171. Let m = -862 + q. Is m a prime number?
True
Let x(n) = -55*n**3 + 2*n**2 - 131*n - 525. Is x(-4) a prime number?
False
Let d(k) = 667*k - 82. Let a be d(5). Suppose -t - j - 2*j = -a, 5*j = 5*t - 16305. Is t a prime number?
True
Is (-2)/(3 + -4) - 1*(-1697679)/9 composite?
False
Let b(d) = -7*d - 72. Let j be b(-11). Suppose -11039 = -4*q - m, -3*m + 13820 = j*q - 6*m. Is q composite?
True
Suppose 0 = i + k - 325, 76*i + 3*k - 1295 = 72*i. Is 124782/20 - 32/i composite?
True
Let x = 8898 + -6983. Is x prime?
False
Let q be ((-4 - 0) + 38/7)*7. Suppose -q*t = -7561 + 221. Is t prime?
False
Is 6 + (1 - -5)*(-25)/30 - -918172 composite?
False
Let d = -1108690 - -1627199. Is d a prime number?
True
Suppose -63*s = -59*s + 2*x - 11302, -2*s = 2*x - 5650. Let h = 6535 - s. Is h prime?
True
Is ((-120 + 122)*(-30241)/(-2))/(2/4) a composite number?
True
Suppose 59 = 9*t + 5. Is (-10759)/(-14)*2 + t composite?
False
Let p(z) = 5*z**2 - 8*z - 15. Let t = -16 + 9. Let w be p(t). Suppose -3*g = -w - 899. Is g a composite number?
True
Let j = -64 - -85. Suppose -j = -t - 94. Let a = t - -156. Is a prime?
True
Is 1 + 10066812/3 + (-120)/(-6 + 21) prime?
False
Suppose 2*m + 27 = 3*m + t, 2*m + 4*t = 60. Is 1002/4 + m/48 a prime number?
True
Let g(s) = s - 2 - s**3 - 7*s + 7*s. Let o be g(-2). Suppose 2*t - o*v = 488 - 66, -844 = -4*t + 5*v. Is t a composite number?
False
Let r = 27 + -22. Suppose g - r*g + 2617 = 5*z, -z + g = -518. Is z a prime number?
True
Suppose 5*p = -5*r + 20, 4*p - 2*r - 8 = 2*p. Suppose 5*k + p*k - 36 = 0. Suppose -4*g = k*u - 1048, -2*g + 494 = 5*u - 21. Is g a prime number?
False
Let y = 188 - 1212. Let m = y - -2792. Let b = m - 557. Is b a composite number?
True
Let c(t) = 68*t**2 + 248*t - 1133. Is c(124) composite?
False
Let y(b) = 2*b**2 + 7*b - 7. Let x(l) = l**2 + 9*l + 13. Let h be x(-6). Let r be y(h). Suppose 5*j + 2721 = r*j. Is j a composite number?
False
Let w(j) = 2702*j**2 - 17*j + 139. Is w(-10) prime?
True
Let q(j) = 4*j**3 + 18*j**2 - 14*j. Let f(c) = c**3 - c**2 + c + 1. Let a(d) = -5*f(d) + q(d). Let h(w) = -w + 8. Let z be h(-10). Is a(z) a prime number?
False
Let l(i) = 100*i**2 + 8*i + 10. Let s(n) = n**2 + 12*n - 22. Let k be s(-13). Is l(k) composite?
True
Suppose 5*h + 7*l - 2*l = 15, 3*l + 15 = 0. Let b(n) = -n**3 + 4*n**2 + 12*n - 4. Let q be b(h). Let v = 49 - q. Is v composite?
True
Let r(s) = -10*s - 33*s - 2 + 11*s**2 + 19*s + 0*s + 13. Is r(-8) prime?
True
Suppose -5*x - 2*p + 17744 = 0, 3 = p + 1. Suppose -6*w = 4*d - 16254, 3*w + d - x - 4576 = 0. Is w composite?
False
Let g be (-2)/14 + 30680/91. Suppose g - 6402 = -5*h. Is h a prime number?
True
Suppose 3*w = 14 - 2. Let u(q) = 144*q - 3. Is u(w) a composite number?
True
Suppose -3*r + u + 72776 = -78532, -5*r - 4*u = -252197. Is r a composite number?
True
Suppose -5374342 - 7275887 = -27*h. Is h composite?
False
Let l(u) be the first derivative of 3*u**4/2 + 7*u**3/3 - 27*u**2/2 - 7*u + 154. Is l(6) prime?
False
Suppose s - 96 = -2*s. Let t = 87 - s. Suppose 57*x = 62*x - t. Is x a composite number?
False
Let m = -1 + 4. Suppose x - 1 = 2*l, -5*x = 3*l - m*x + 19. Is (12705/28)/1 + l/4 a prime number?
False
Suppose -2*m + 2*x + 2475 = x, -m +